at is 101000 - 101?
100011
In base 2, what is 0 - -11101101?
11101101
In base 5, what is 1140 + -40?
1100
In base 3, what is -111202101 + -2?
-111202110
In base 3, what is 2 - -12011?
12020
In base 12, what is -4ba + 5?
-4b5
In base 12, what is 14 + 10?
24
In base 4, what is 1331 + 13?
2010
In base 12, what is 2 + -41?
-3b
In base 2, what is 100 + -11111111?
-11111011
In base 8, what is -2 - -1210?
1206
In base 2, what is 101 - 11110?
-11001
In base 6, what is -5405 + -4?
-5413
In base 10, what is 3 - -128?
131
In base 8, what is 32 - -144?
176
In base 14, what is 3da8 - 4?
3da4
In base 15, what is 6 - 19?
-13
In base 15, what is 5 + 25?
2a
In base 16, what is -11c + 1d?
-ff
In base 3, what is 10021 - -2?
10100
In base 15, what is 174 + -1?
173
In base 9, what is -8 + 0?
-8
In base 9, what is -8 - -2128?
2120
In base 7, what is -5 + 1056?
1051
In base 15, what is 2 - -87?
89
In base 16, what is -13 + -2?
-15
In base 9, what is -3 - 44?
-47
In base 8, what is 745 + -17?
726
In base 9, what is 631 + -25?
605
In base 6, what is 3451 - 2?
3445
In base 9, what is 2 + 17?
20
In base 4, what is 3032112 - 2?
3032110
In base 10, what is 5091 - 3?
5088
In base 10, what is 2 - -26?
28
In base 6, what is -3 - -23?
20
In base 2, what is 0 + -101011100001?
-101011100001
In base 15, what is d - -c?
1a
In base 9, what is -28248 - -2?
-28246
In base 3, what is -12122 - 222?
-20121
In base 10, what is -38 - -85?
47
In base 5, what is 12344 + 10?
12404
In base 3, what is 1 + 1112020?
1112021
In base 14, what is -83 + 15?
-6c
In base 5, what is 11321 + -2?
11314
In base 16, what is 0 + -1e?
-1e
In base 10, what is -33 + -26?
-59
In base 3, what is -11 + 11120?
11102
In base 11, what is -14 - -1a?
6
In base 2, what is -1101 + 100?
-1001
In base 15, what is -118 - -8?
-110
In base 7, what is 0 + -460?
-460
In base 7, what is -4231 + 1?
-4230
In base 16, what is -58f - -3?
-58c
In base 12, what is 175 - 3?
172
In base 8, what is 361 - 13?
346
In base 4, what is -21312 - 0?
-21312
In base 2, what is 10011 - -101010?
111101
In base 15, what is -24 - 4?
-28
In base 4, what is -11 - 31?
-102
In base 4, what is -1 - 101?
-102
In base 9, what is -85 - -2?
-83
In base 5, what is 112 + -14?
43
In base 5, what is 34443 - -3?
40001
In base 8, what is 67 + -144?
-55
In base 9, what is 8265 - -1?
8266
In base 7, what is -3 - -233?
230
In base 12, what is a4 - 3?
a1
In base 13, what is -39 + 12b?
c2
In base 7, what is -2 + -110?
-112
In base 4, what is -112 - 3?
-121
In base 8, what is 1 - 13377?
-13376
In base 10, what is 4 - -851?
855
In base 5, what is -2110 + 10?
-2100
In base 14, what is -3 + -32b?
-330
In base 2, what is -111000100110 - 101?
-111000101011
In base 15, what is -2 + 154?
152
In base 11, what is -139a - 0?
-139a
In base 13, what is 2 + -45?
-43
In base 9, what is -240 + 0?
-240
In base 14, what is -31 + -3?
-34
In base 15, what is -b6 - -2?
-b4
In base 10, what is 4 - 19?
-15
In base 4, what is -232331 + 11?
-232320
In base 12, what is 140 - -3?
143
In base 15, what is -6 + -1bd?
-1c4
In base 11, what is 42 + 4?
46
In base 10, what is 4 - 44?
-40
In base 15, what is 1bc5 - -3?
1bc8
In base 4, what is -12122 - 0?
-12122
In base 15, what is -1 + 949?
948
In base 15, what is -1d2b + 5?
-1d26
In base 2, what is -1110 + -10111011?
-11001001
In base 2, what is 10010 - 100001?
-1111
In base 15, what is -b6 - 4?
-ba
In base 15, what is -100 - -5?
-ea
In base 13, what is 17 - -3?
1a
In base 15, what is 6 + 1cd?
1d4
In base 9, what is 5 - -636?
642
In base 12, what is 1b + -a?
11
In base 5, what is 4 + 40?
44
In base 9, what is 4 + 535?
540
In base 12, what is -6 - 12a9?
-12b3
In base 3, what is -20 + -112?
-202
In base 4, what is -11 - 2?
-13
In base 7, what is 4 + -653?
-646
In base 16, what is -1f2 - c?
-1fe
In base 12, what is -4b7 - -11?
-4a6
In base 11, what is -175 + 13?
-162
In base 10, what is -1 + 80?
79
In base 3, what is 1000 - -100?
1100
In base 13, what is -36 + -17?
-50
In base 2, what is -1 + -10000010?
-10000011
In base 3, what is 20 + 1011210?
1012000
In base 8, what is 1 + -1421?
-1420
In base 15, what is -1 - -1e5?
1e4
In base 8, what is 44 + 270?
334
In base 5, what is 300 - -10?
310
In base 13, what is 8c - a?
82
In base 8, what is 2 - -3253?
3255
In base 6, what is 10 - -2153?
2203
In base 14, what is 47 - -3?
4a
In base 10, what is 5 + -105?
-100
In base 12, what is -17b + 2?
-179
In base 15, what is 6ea0 + -1?
6e9e
In base 15, what is 5 - -17?
1c
In base 14, what is b + 2?
d
In base 8, what is -17 + 3200?
3161
In base 11, what is 3a + 8?
47
In base 11, what is -4a07 + -5?
-4a11
In base 9, what is 1816 + -3?
1813
In base 8, what is -162 + -26?
-210
In base 14, what is -a + b?
1
In base 8, what is -6 - -73?
65
In base 10, what is -7 + -12?
-19
In base 14, what is 44 + 2c?
72
In base 5, what is -110 + -411?
-1021
In base 9, what is -31 - 1?
-32
In base 10, what is 2252 + 3?
2255
In base 7, what is 120533 + 1?
120534
In base 10, what is -615 + 4?
-611
In base 7, what is 1145 - -5?
1153
In base 7, what is 3300 + -6?
3261
In base 3, what is 10 + -10?
0
In base 3, what is 121 - -11?
202
In base 15, what is -2 + -53e?
-541
In base 6, what is 5 + -13015?
-13010
In base 16, what is 5 + -2b?
-26
In base 13, what is -12a + -3?
-130
In base 4, what is -21 + -130112?
-130133
In base 16, what is 22 - 16?
c
In base 13, what is 7 - -6?
10
In base 3, what is -2101221 - -10?
-2101211
In base 11, what is -2 - 40?
-42
In base 11, what is -1292 - -a?
-1283
In base 11, what is 6 - 13?
-8
In base 11, what is -a6 + 4?
-a2
In base 9, what is 0 + 2781?
2781
In base 8, what is -1 - -10304?
10303
In base 2, what is -1010101 + 1111100?
100111
In base 14, what is 4 - 76?
-72
In base 7, what is 2 - -3600?
3602
In base 13, what is 20b - c?
1cc
In base 2, what is -11 - -100010111000?
100010110101
In base 11, what is -217 + 1?
-216
In base 16, what is 23e8 + 3?
23eb
In base 4, what is 3 + 3310?
3313
In base 11, what is -132 - 62?
-194
In base 3, what is -100102 - -101?
-100001
In base 16, what is 72 - -1?
73
In base 16, what is e + 8?
16
In base 14, what is -1c + -56?
-74
In base 10, what is -7252 - 5?
-7257
In base 6, what is 444 - 41?
403
In base 2, what is -100001011 + -10?
-100001101
In base 11, what is -499 - -8?
-491
In base 9, what is -11 - 8?
-20
In base 13, what is 15 + 17b?
193
In base 14, what is -2 - -4ad?
4ab
In base 16, what is 4df4 + 0?
4df4
In base 5, what is -341 + -2?
-343
In base 7, what is 341 + -112?
226
In base 3, what is 0 + 2000?
2000
In base 13, what is -7 - 201?
-208
In base 7, what is -100312 - 2?
-100314
In base 16, what is 2b5 - -5?
2ba
In base 8, what is 2 - -73?
75
In base 14, what is 308 - -4?
30c
In base 14, what is -2 + 3c2?
3c0
In base 10, what is 159 + 3?
162
In base 4, what is -2012 - -10?
-2002
In base 2, what is 1000100000010011 - 101?
1000100000001110
In base 2, what is -100 - 1110101110110?
-1110101111010
In base 12, what is a - -191?
19b
In base 5, what is -10 - 111?
-121
In base 7, what is -2 - -103?
101
In base 13, what is 2 - 24?
-22
In base 11, what is 4 + -47?
-43
In base 6, what is 355 - 345?
10
In base 3, what is 12 - 10010?
-2221
In base 5, what is 42 + 14?
111
In base 3, what is -111 + -2001?
-2112
In base 13, what is 23 + 10?
33
In base 14, what is -9c + 3?
-99
In base 10, what is 32 - 8?
24
In base 7, what is -5043 + -2?
-5045
In base 2, what is -1101 + -10111?
-100100
In base 3, what is -1 - -12020?
12012
In base 5, what is 12 + 141?
203
In base 16, what is a9e - -1?
a9f
In base 16, what is 5 - -4a6?
4ab
In base 9, what is -538 - 0?
-538
In base 11, what is a - -21?
30
In base 8, what is 40 - -122?
162
In base 9, what is -351 + 3?
-347
In base 12, what is 6 - -3?
9
In base 3, what is -202102 - -1?
-202101
In base 4, what is -1 - -1202?
1201
In base 7, what is -5 + -1?
-6
In base 9, what is 158 + -58?
100
In base 3, what is 2120 - -202?
10022
In base 8, what is 161 - -14?
175
In base 2, what is 100 + 1000000010000?
1000000010100
In base 3, what is -1111011 - -12?
-1110222
In base 11, what is 222 + 0?
222
In base 12, what is -35 + 82?
49
In base 8, what is 0 + 11011?
11011
In base 10, what is -1 - -429?
428
In base 13, what is 2 + 3?
5
In base 13, what is -23 + -78?
-9b
In base 5, what is -3212 + -2?
-3214
In base 3, what i